e factors of s?
11, 13
Let f(x) = 0*x**3 - 9*x**3 + x + 4*x**3 + 2*x**2. Let w be 2 - 3 - -2 - 2. List the prime factors of f(w).
2, 3
Suppose 2*o = -5*i - 4, -4*o = -5*i + o + 10. Suppose 3*t + t - 180 = i. What are the prime factors of t?
3, 5
Let y(r) = r**3 - 7*r**2 - r - 9. Let c be y(7). Let j(m) = -10*m - 32. List the prime factors of j(c).
2
Let h(c) = -233*c + 21. List the prime factors of h(-7).
2, 7, 59
Let h(p) = p**3 + 6*p**2 + 2*p - 3. Suppose -2*b + 9 = -3. Suppose -4*l + c - 21 = b*c, -4*l = c + 17. List the prime factors of h(l).
3, 7
Let c(p) = -5*p + 4*p + 7*p + 2*p**2 - 3 - 5*p. Let s(m) = -m**2 - m - 4. Let v be s(0). List the prime factors of c(v).
5
Let q(o) = 47 - 8 - 25 - 5*o**2 - 5*o + o**3. List the prime factors of q(6).
2, 5
Suppose 5*j + 589 = 3*u + 5073, 2*u = j - 894. List the prime factors of j.
2, 449
What are the prime factors of (-6 - (-347 - 4))/1?
3, 5, 23
Suppose m - 4*a - 22 = 0, 4*a + 77 = 3*m - 13. Let i = m + 9. List the prime factors of i.
43
Let f = 402 - 112. Suppose -2*k + h = k - 157, -4*h = 5*k - f. List the prime factors of k.
2, 3
Let r(w) = -w**2 + 14*w + 1. Let t be r(7). Suppose -p = 4*p + t. What are the prime factors of (-12)/p*(7 + 13)?
2, 3
Let s(v) be the first derivative of 2 - v**2 - 3*v + 1/3*v**3. What are the prime factors of s(-4)?
3, 7
Let i(s) = 74*s - 9. Let q be i(5). Suppose -4*u + z + q = 0, 3*u - 3*z + 4*z - 276 = 0. What are the prime factors of u?
7, 13
Let y(a) be the third derivative of -a**5/30 - a**4/8 + a**3/6 + 4*a**2. Let g(o) be the first derivative of y(o). What are the prime factors of g(-5)?
17
Suppose -5*b + 46 = 2*y - 3, 0 = y - b - 35. Suppose 2*p = 2*o + 18, 0 - y = -4*p + 2*o. Let n(d) = d**2 - d + 8. List the prime factors of n(p).
2, 5
Let g be (-4)/(0 + (-6)/(-21)). Suppose 4*a + 3*y - 18 = 0, -2*a + y + 4 = -0*a. Let d = a - g. List the prime factors of d.
17
Suppose -18*g - 35 = -19*g. Suppose -g = -6*c + 7. List the prime factors of c.
7
Let k = -9 - -41. Let x = k + -20. What are the prime factors of x?
2, 3
Let d = -24 - -20. What are the prime factors of ((-192)/(-15))/(d/(-10))?
2
Let k(c) = 13*c + 3. Let h be k(-2). Let g = h + 29. What are the prime factors of g?
2, 3
Let y(v) = -7*v**2 - 7*v + 7. Let g(a) = 22*a**2 + 22*a - 21. Let n(t) = -2*g(t) - 7*y(t). List the prime factors of n(-5).
3, 31
Let z = 11 - -6. Suppose -1085 = 12*r - z*r. What are the prime factors of r?
7, 31
Suppose 0 = -3*u + 5*c + 10511, 5*c - 8878 = -5*u + 8587. What are the prime factors of u?
13, 269
Suppose d - 55 - 29 = 0. Suppose 26 = 2*z - d. Let x = z + -25. What are the prime factors of x?
2, 3, 5
Let v = -2648 - -4727. What are the prime factors of v?
3, 7, 11
Let j be 6*9/(-7)*(-7 + 0). What are the prime factors of -1 - (2/(-9) - 8952/j)?
3, 5, 11
Let z = -223 + -378. What are the prime factors of z/(-5) + ((-145)/(-25) - 6)?
2, 3, 5
Suppose -5*f - 8 = -23. Suppose u - 5*g = 32, -f*u + 2*g + 3*g + 136 = 0. What are the prime factors of u?
2, 13
Let t = -18 + 13. Let o = -5 - t. Suppose o = 5*l + 4*a - 178 + 13, -2*a + 39 = l. What are the prime factors of l?
29
Suppose -80*o = -46*o - 66810. List the prime factors of o.
3, 5, 131
Suppose 0*m = -m + 110. Suppose 10 = -5*l - m. Let k = l - -49. What are the prime factors of k?
5
Let n(p) = p**3 - p**2 - 3*p + 9. Let h be n(7). Suppose h = 3*u - 306. What are the prime factors of u?
2, 7
Suppose -11*u + 70 = -73. Suppose u*b = 17*b - 52. List the prime factors of b.
13
Let f be 784/(-10) + (-10)/(-25). Let c be (16/12)/(4/f). List the prime factors of (12/(-8))/(3/c).
13
Suppose 0 = 8*s - 9*s + 2. Suppose 12 + 36 = s*g. List the prime factors of g.
2, 3
Suppose 7*b - 7060 = -1488. What are the prime factors of b?
2, 199
Suppose 0 = -4*p + 9 + 3. Suppose 3*k - 3*x - 165 = 0, p*k - x + 0*x = 167. What are the prime factors of k?
2, 7
Suppose x = 2*d - 2 - 10, 2*d = -5*x. Suppose 10*w - t - 71 = 5*w, -d*w + 65 = 5*t. List the prime factors of 1/((4/w)/2).
7
Suppose 59*s - 2972 = 57*s. What are the prime factors of s?
2, 743
Suppose -24 = -2*c - 12. Suppose 2*t - 5*t + 9 = 0. Suppose h = 2*n + 18, -t*n = h - 2 - c. What are the prime factors of h?
2, 7
Suppose 0 = 7*b - 3814 + 349. List the prime factors of b.
3, 5, 11
Suppose -1193 = -3*c - n, 582 = 2*c + 4*n - 230. Suppose -5*v + 16*v - c = 0. What are the prime factors of v?
2, 3
Suppose 3*b = 2*t + 7*b - 6070, 0 = -4*t - 5*b + 12149. What are the prime factors of t?
3041
Suppose -8 = -6*v + 2*v. Suppose 2*n + 91 = -i + 306, v*n = i + 221. List the prime factors of n.
109
Let c be 4/(-18) + 1356/27. Suppose 2*g + c = 5*u - 3*g, -4*u - 5*g = -40. Let a(t) = t**3 - 9*t**2 - 8*t + 3. List the prime factors of a(u).
23
Let s(k) be the second derivative of 1/3*k**3 + 3/2*k**4 - 1/2*k**2 + 0 + 4*k. List the prime factors of s(1).
19
Suppose 5*h + 334 = 29. Let b be 10/(-4)*688/(-20). Let z = b + h. What are the prime factors of z?
5
Suppose -n + 2488 = 5*u - 3*n, -2*u + 1012 = -5*n. List the prime factors of u.
2, 31
Let z = -608 + 624. List the prime factors of z.
2
Suppose 0 = -0*h - 5*h - 1030. Let o = -140 - h. List the prime factors of o.
2, 3, 11
Let l(h) = 3*h**3 + 5 + 12*h**2 - 6 - 2*h**3 + 6. Let a(n) = -2*n**2 + 3*n - 3. Let c be a(3). What are the prime factors of l(c)?
5
Suppose 0 = 2*f + 3*x - 669, 2*f - 672 = -2*x - 0*x. List the prime factors of f.
3, 113
Let w(z) = -z**3 - 6*z**2 - 4*z + 4. Let c be w(-5). Let s be -2 - c/((-1)/(-3)). Let q = s - -16. What are the prime factors of q?
17
Let p be 16/(-14)*(-21)/6. Let j(n) = 14*n + 8. List the prime factors of j(p).
2
Let h be (-4 - (-63)/6)*-2. Let f = 64 - h. What are the prime factors of f?
7, 11
Let c(x) = x**2 - 6*x + 7. Let u be c(5). Suppose -u*v + 3*f + 86 = -3*v, 5*f - 314 = 3*v. Let w = v - -155. List the prime factors of w.
3, 19
Let j = -787 + 1651. Suppose 0 = 7*z - 11*z + j. List the prime factors of z.
2, 3
Suppose 6*x = 3*x + 12. Let b = x + 12. What are the prime factors of 12/b - (-15)/12?
2
Let w(q) = 80*q + 171. What are the prime factors of w(30)?
3, 857
Suppose 42*k - 5497 = -2221. What are the prime factors of k?
2, 3, 13
Suppose 2*b - 2416 = 4*o, 18*b + 3*o = 16*b + 2423. List the prime factors of b.
2, 5, 11
Let f(d) be the second derivative of d**5/20 - d**4/2 + 4*d**3/3 + 3*d**2 + 2*d. Suppose -x + j = 22 - 26, 2*j = -5*x + 34. What are the prime factors of f(x)?
2, 3
Let i = 48 + -6. Suppose i = 5*k - 113. List the prime factors of k.
31
Let f(l) = -l**3 + 3*l**3 + 2*l**2 - 2*l - l**3 + 0*l - 3. What are the prime factors of f(4)?
5, 17
List the prime factors of 4 - 5*(2 - 39)*1.
3, 7
What are the prime factors of 33/(6/(-3) + 4)*182?
3, 7, 11, 13
Let w(l) = -l**3 + 9*l**2 + l + 5. Let n be w(7). Let x be ((-44)/n)/((-2)/(-420)). List the prime factors of (-10)/(4/x*3).
2, 5, 7
Let i(l) = -3*l + 21. Let d be i(9). Let x be d + ((-6)/(-2) - -1). List the prime factors of -20*(-21)/(-24)*x.
5, 7
Suppose 6 = -5*i - m - 0, 0 = -5*m - 5. What are the prime factors of (i + 0)/(-6) + (-8005)/(-30)?
3, 89
Let f = -40 + 26. Let i = 0 + f. Let y(x) = -4*x - 19. List the prime factors of y(i).
37
Let k(b) = -10*b - 9. Let a(s) = -s. Let w(d) = -5*a(d) + k(d). Let h be w(-4). Suppose -x - h = -70. List the prime factors of x.
59
Suppose -2492 = -4*d - 4*f, -2*d = 2*d + f - 2480. What are the prime factors of d?
619
Let t = 1489 - 759. List the prime factors of t.
2, 5, 73
Let q(z) = -28*z**3 + z**2 + 2*z + 12. List the prime factors of q(-3).
3, 257
Let t = 117 + -103. List the prime factors of t.
2, 7
Suppose 3*t + 5*v = 2*v + 18, 2*t = 3*v + 12. Let p(k) = -k**3 + 6*k**2 + 8. Let g be p(t). What are the prime factors of (-1)/(-3)*(g + -2)?
2
Let s(b) = 4*b**2 + 59*b - 36. Let m(w) = w**2 + 15*w - 9. Let l(d) = 9*m(d) - 2*s(d). Let z be -18 + (-2)/(2 - 0). What are the prime factors of l(z)?
29
Let b(v) = v + 10. Let a be 2*11/2 + 32/16. What are the prime factors of b(a)?
23
Let p(a) = 12*a + 240. What are the prime factors of p(9)?
2, 3, 29
Suppose -4*f = a - 513, -531 = -a - f + 3*f. List the prime factors of a.
3, 5, 7
Let o(u) = 50*u - 19. Suppose 4*p + 1 = 3*s, 5*s - s = 12. List the prime factors of o(p).
3
Let d(c) = c**3 + 16*c**2 - 47*c - 25. List the prime factors of d(-18